se 16, what is -6b + -5?
-70
In base 16, what is -e + -6a?
-78
In base 12, what is -72 - 49?
-bb
In base 16, what is -4 + d67?
d63
In base 5, what is -4 - 43?
-102
In base 16, what is 6d7 + 0?
6d7
In base 14, what is -3 - -165d?
165a
In base 2, what is 10001011 + 101?
10010000
In base 2, what is -11111110101 + 111?
-11111101110
In base 7, what is -1450 + -2?
-1452
In base 15, what is -39 - 19?
-53
In base 4, what is -11320001 + 2?
-11313333
In base 15, what is 11 - 18?
-7
In base 8, what is 3 + -3263?
-3260
In base 15, what is -73 + -1?
-74
In base 9, what is 26 + -16?
10
In base 10, what is -24 - 25?
-49
In base 11, what is 6 - -991?
997
In base 11, what is a1 - 7?
95
In base 12, what is -b30 + -13?
-b43
In base 4, what is 10210 + 2?
10212
In base 11, what is -144 - 5?
-149
In base 11, what is 3a1 + 1?
3a2
In base 6, what is 12051 + -10?
12041
In base 6, what is 2 - -251?
253
In base 15, what is 0 - -9a?
9a
In base 7, what is -103363 - -1?
-103362
In base 13, what is -4 + b?
7
In base 14, what is -3 + -89?
-8c
In base 3, what is -12 + -11111?
-11200
In base 9, what is -4 - 6?
-11
In base 5, what is 311 + 1?
312
In base 3, what is -22 + -211100?
-211122
In base 5, what is 133 + 43?
231
In base 16, what is -8 + 24a?
242
In base 8, what is 3 - -5040?
5043
In base 5, what is 0 + -23433?
-23433
In base 4, what is 10 + 20033?
20103
In base 2, what is 10001110000001 - -101?
10001110000110
In base 12, what is -36 + -171?
-1a7
In base 3, what is 1021 - -221111?
222202
In base 4, what is -20 + 1300?
1220
In base 5, what is -103 + -40?
-143
In base 4, what is 10 + 132212?
132222
In base 9, what is 1 + 41?
42
In base 7, what is -36 + 353?
314
In base 5, what is 33 - -124?
212
In base 15, what is -2d05 + -3?
-2d08
In base 14, what is -4 + 46?
42
In base 6, what is 4 + 221?
225
In base 15, what is -7 - b?
-13
In base 7, what is -133 + 14?
-116
In base 10, what is -11 + -74?
-85
In base 3, what is -1 + 111?
110
In base 3, what is -100 + 100?
0
In base 14, what is 16 - -50?
66
In base 12, what is 1 + -b18?
-b17
In base 8, what is -73 + -7?
-102
In base 6, what is -1 - 152?
-153
In base 7, what is 0 - 15?
-15
In base 2, what is 1111100000 + -101?
1111011011
In base 10, what is 30 - -102?
132
In base 3, what is 2000 + -10?
1220
In base 10, what is -3 - -54?
51
In base 15, what is 5 + -3c?
-37
In base 4, what is -12 - 212?
-230
In base 14, what is 33 + 2?
35
In base 16, what is 0 - 109?
-109
In base 4, what is -21023 + -2?
-21031
In base 2, what is -1001 + -11?
-1100
In base 10, what is 28155 - 4?
28151
In base 15, what is 5 + 37?
3c
In base 8, what is 106 - 13?
73
In base 15, what is 501 - -d?
50e
In base 15, what is 3 + 16ee?
1702
In base 10, what is 2 - -10?
12
In base 15, what is -1a7 - 5?
-1ac
In base 4, what is 11 + -220?
-203
In base 16, what is -3 + f3?
f0
In base 14, what is -523 + 0?
-523
In base 14, what is -1 + -209?
-20a
In base 13, what is 4a + -13?
37
In base 16, what is -6 - -5c?
56
In base 5, what is 3 + -21401?
-21343
In base 13, what is 3 - -143?
146
In base 15, what is -242 - -1?
-241
In base 2, what is -1010 - -101011?
100001
In base 14, what is 4 + -13?
-d
In base 14, what is -3 + -34?
-37
In base 14, what is 3 + -5c?
-59
In base 10, what is -2 - 3470?
-3472
In base 4, what is -1 - 103?
-110
In base 2, what is -100 - 10100?
-11000
In base 15, what is b7 - 2?
b5
In base 9, what is 12268 - -5?
12274
In base 6, what is 5 + 505?
514
In base 7, what is -243 - -2?
-241
In base 13, what is -3 - -13bc?
13b9
In base 3, what is -102 + 0?
-102
In base 14, what is -74 + b?
-67
In base 6, what is -5 - -15?
10
In base 6, what is -2354 - -11?
-2343
In base 7, what is -123 + -4?
-130
In base 12, what is -16a2 + 10?
-1692
In base 5, what is -110031 - -4?
-110022
In base 2, what is 1010 - 110100100001?
-110100010111
In base 5, what is -4 - -12?
3
In base 11, what is 6 - -423?
429
In base 14, what is 19 - -5c?
77
In base 3, what is -12 - 1021121?
-1021210
In base 9, what is 6348 + 3?
6352
In base 8, what is 5 - 11146?
-11141
In base 4, what is 301 + 10?
311
In base 12, what is -104 - -13?
-b1
In base 3, what is -20 - -121010?
120220
In base 14, what is -21 + 7?
-18
In base 9, what is 242 + 2?
244
In base 15, what is 90 - -4?
94
In base 8, what is -32 - 1?
-33
In base 3, what is 2 + 222111?
222120
In base 10, what is -612 - 0?
-612
In base 7, what is -1 + 26?
25
In base 15, what is -6 - -29?
23
In base 11, what is -9231 + -2?
-9233
In base 6, what is 4 + 1443?
1451
In base 13, what is -625 - -3?
-622
In base 5, what is 422 - -2?
424
In base 11, what is 27 + -799?
-772
In base 6, what is -4 - -15?
11
In base 5, what is 4022 + 44?
4121
In base 10, what is -8011 - 5?
-8016
In base 5, what is -2 + 321?
314
In base 11, what is 5 - -1a5?
1aa
In base 5, what is -20 + 22?
2
In base 10, what is 68 + 24?
92
In base 3, what is 2 - 11022100?
-11022021
In base 9, what is -30 - -18?
-11
In base 13, what is 1a9 + -2?
1a7
In base 11, what is -3 - a14?
-a17
In base 13, what is 12 + 8?
1a
In base 2, what is 0 + -10011?
-10011
In base 2, what is -1010010001 - 10011?
-1010100100
In base 8, what is -31 + 120?
67
In base 8, what is -1271 - -5?
-1264
In base 13, what is 17b4 + -3?
17b1
In base 13, what is 86 + -1?
85
In base 2, what is -1010 + 10?
-1000
In base 15, what is 0 + d94?
d94
In base 16, what is -4 + -266?
-26a
In base 9, what is 2 - 205?
-203
In base 14, what is 32 - a?
26
In base 8, what is -2 - 51?
-53
In base 5, what is 42 - 24?
13
In base 13, what is -177 + -6?
-180
In base 3, what is -11 + 2001?
1220
In base 15, what is -2a0 + -6?
-2a6
In base 8, what is -1 - -104?
103
In base 9, what is 2 + -184?
-182
In base 14, what is -1d + -a?
-29
In base 6, what is -12 + 1025?
1013
In base 14, what is 4 + -252d?
-2529
In base 5, what is -3 - 4440?
-4443
In base 2, what is -110110111 + 100101?
-110010010
In base 8, what is 1 - 701?
-700
In base 15, what is 4 - -4b?
50
In base 15, what is -5d + 4?
-59
In base 13, what is -112 + -1?
-113
In base 6, what is -102 + -10?
-112
In base 13, what is -2 - c6?
-c8
In base 4, what is -1103 - 23?
-1132
In base 10, what is 41 - 9?
32
In base 4, what is 303231 + 11?
303302
In base 15, what is 118 + -2?
116
In base 12, what is -382b - 4?
-3833
In base 12, what is 0 - -4?
4
In base 4, what is 3 + -113?
-110
In base 4, what is -1 - -113?
112
In base 13, what is 54 - 5?
4c
In base 8, what is -5 - -461?
454
In base 2, what is 11101111 + -10?
11101101
In base 3, what is -1101 + -2?
-1110
In base 16, what is -1 + 42?
41
In base 11, what is 4 - 108?
-104
In base 4, what is -11 + 20300?
20223
In base 5, what is -143 - 312?
-1010
In base 2, what is 100111011 + -101?
100110110
In base 5, what is 1 + -3400?
-3344
In base 7, what is -5 + 31?
23
In base 10, what is -1 - 347?
-348
In base 4, what is -203 - -13?
-130
In base 11, what is 43 - 8?
36
In base 16, what is 380 + 4?
384
In base 9, what is 7 + 837?
845
In base 15, what is -78 + -7a?
-103
In base 11, what is 8 + 11?
19
In base 3, what is 1011 + 100?
1111
In base 5, what is 2 + 10111?
10113
In base 10, what is -2 + 61?
59
In base 13, what is -6 + -47?
-50
In base 11, what is 80 + 4?
84
In base 12, what is 36 + -84?
-4a
In base 5, what is 1411 + 20?
1431
In base 13, what is -6 + 19?
13
In base 11, what is 0 - a9?
-a9
In base 5, what is 4 + 323?
332
In base 5, what is 3 + 123?
131
In base 7, what is 0 - 60?
-60
In base 5, what is 2102 + -2?
2100
In base 12, what is -6 + 8?
2
In base 11, what is 252 + 2?
254
In base 16, what is 1038 - 6?
1032
In base 15, what is 77 - 10?
67
In base 12, what is -2 + -13a?
-140
In base 12, what is 1 + -2?
-1
In base 2, what is 1001101100 - -111011?
1010100111
In base 3, what is -2101220 - -22?
-2101121
In base 13, what is -1 - c?
-10
In base 12, what is -20 + 44?
24
In base 8, what is -4 - -650?
644
In base 15, what is 1994 - -4?
1998
In base 13, what is 21 + 10?
31
In base 3, what is 1000 + 21?
1021
In base 15, what is 2a - -1a?
45
In base 2, what is -11 + 10000?
1101
In base 16, what is 0 - -ab?
ab
In base 16, what is -7b + -3?
-7e
In base 3, what is -12 - 1120?
-1202
In base 12, what is -61 + 0?
-61
In base 12, what is -23 + 34b?
328
In base 9, what is -221 - -5?
-215
In base 15, what is -5a - 11?
-6b
In base 12, what is -6 + 15?
b
In base 4, what is -11210 - -10?
